 10732*v + 64237. Determine n(6).
-11
Let z(t) = 6*t**2 - 25*t + 125. Calculate z(19).
1816
Let o(p) = p**3 + 27*p**2 - 749*p - 8320. What is o(-9)?
-121
Let w(v) = -2*v**3 + 1281*v**2 - 8860*v - 67. What is w(7)?
-4
Let t(n) = 47*n**2 + 7535*n + 17225. What is t(-158)?
3
Let q(u) = -u**3 + 321*u**2 - 8793*u + 18317. Give q(291).
-16
Let l(m) = -442801*m + 3. Calculate l(0).
3
Let k(d) = 17*d**2 - 886*d + 2598. What is k(49)?
1
Let c(r) = 14*r**3 + 37*r**2 + 120*r + 24. What is c(-3)?
-381
Let v(c) = 13*c**2 - 1201*c - 18784. Give v(-15).
2156
Let w(m) = 3*m**3 - 114*m**2 + 111*m - 35. Calculate w(37).
-35
Let c(o) = -4*o**2 + 41*o - 54. Determine c(23).
-1227
Let u(x) = 378*x + 15822. Calculate u(-42).
-54
Let u(x) = 116607*x - 932859. Determine u(8).
-3
Let w(j) = -75864*j + 227759. Determine w(3).
167
Let l(d) = -7*d**2 + 581*d - 6573. Give l(70).
-203
Let d(n) = -254310*n + 3560339. Determine d(14).
-1
Let f(h) = -9*h**3 + 213*h**2 + 87*h - 424. Calculate f(24).
-64
Let n(v) = -1646*v - 730781. Determine n(-444).
43
Let t(o) = o**3 - 172*o**2 + 159*o + 2005. Determine t(171).
-47
Let g(t) = -1667*t**2 - 10004*t + 4. Calculate g(-6).
16
Let h(y) = -10*y**3 + 358*y**2 - 2388*y + 325. Calculate h(27).
1
Let q(a) = 4*a - 1561. What is q(146)?
-977
Let g(t) = -260*t**2 + 1026*t + 18. What is g(4)?
-38
Let j(f) = 29796*f + 59567. Give j(-2).
-25
Let p(y) = 4*y**3 + 347*y**2 + 2*y + 7737. Calculate p(-87).
-6
Let g(m) = m**3 + 101*m**2 + 501*m + 149697. Give g(-109).
40
Let p(r) = 1271*r**2 - 5100*r + 6. Give p(4).
-58
Let x(a) = -a**3 + 11*a**2 - 94*a + 859. What is x(11)?
-175
Let n(c) = -4001*c + 10725. Calculate n(3).
-1278
Let o(v) = -v**3 + 21*v**2 - 32*v + 219. Give o(19).
333
Let s(t) = -148*t + 93. What is s(-4)?
685
Let r(n) = 2001*n + 150432. Determine r(-75).
357
Let g(m) = 9*m**2 - 2291*m + 3118. Calculate g(253).
-424
Let g(l) = 594278*l - 8914187. Give g(15).
-17
Let s(p) = -p**3 - 561*p**2 + 695*p + 74608. Give s(-562).
-138
Let c(t) = -t**3 + 30*t**2 + 189*t - 418. Determine c(35).
72
Let m(x) = -21*x**3 + 1156*x**2 + 691*x - 41008. Calculate m(55).
22
Let o(x) = 6*x**3 + 37*x**2 + 75*x + 51. Calculate o(-3).
-3
Let b(u) = -298*u**2 + 1969*u - 1965. What is b(1)?
-294
Let w(v) = -2*v**2 - 100*v + 10547. Calculate w(52).
-61
Let h(v) = 39*v**2 + 1172*v + 609. Determine h(-30).
549
Let l(w) = -26*w**3 - 30*w**2 - 157*w + 2. What is l(-7)?
8549
Let l(s) = -7*s**2 - 2219*s - 75901. Determine l(-278).
-7
Let d(w) = 66*w**3 - 25*w**2 + 3*w + 7. Calculate d(-2).
-627
Let x(t) = 4*t**2 - 294*t - 24321. Calculate x(123).
33
Let z(u) = -2*u**3 - 109*u**2 + 3868*u - 208. Give z(-79).
29
Let s(m) = 58*m**2 - 295*m + 2559. Calculate s(9).
4602
Let v(f) = -f**3 - 24*f**2 - 294*f - 3841. Calculate v(-19).
-60
Let k(w) = -30244*w - 423436. Give k(-14).
-20
Let a(h) = 4*h**2 + 3381*h - 16144. Determine a(-850).
6
Let h(v) = -2*v**3 - 29*v**2 - 26*v - 313. What is h(-14)?
-145
Let i(n) = 3489*n - 17459. Calculate i(5).
-14
Let t(k) = k**3 - 100*k**2 + 985*k + 207. Give t(89).
741
Let u(l) = -l**2 - 21535*l - 1074245. What is u(-50)?
5
Let o(j) = -10557*j + 137242. Determine o(13).
1
Let k(w) = -110*w**3 - 3*w**2 + 60*w - 56. Calculate k(1).
-109
Let d(x) = -x**2 - 3212*x + 5452321. Determine d(1228).
1
Let k(a) = 76*a**2 + 866*a + 2323. Determine k(-4).
75
Let z(g) = 59703*g + 16298927. Calculate z(-273).
8
Let l(v) = 2*v**2 + 339*v + 10427. What is l(-129)?
-22
Let k(o) = 9*o**2 - 15004*o - 90352. Calculate k(-6).
-4
Let f(t) = -3*t**2 - 4332*t - 43125. Give f(-10).
-105
Let v(z) = -126*z - 2050. What is v(-21)?
596
Let p(z) = 935*z**2 + 2354*z + 951. Calculate p(-2).
-17
Let d(o) = 7*o**2 - 243*o + 2151. Give d(14).
121
Let x(u) = 50*u**2 + 234*u + 1749. Determine x(-8).
3077
Let j(k) = 132*k**2 - 66779*k - 6612. Give j(506).
-34
Let t(y) = -y**2 + 501*y - 49511. Give t(139).
807
Let t(h) = -589*h + 17470. Calculate t(27).
1567
Let j(r) = -12*r**2 - 111*r - 383. Calculate j(7).
-1748
Let h(k) = k**2 - 278*k + 3824. What is h(269)?
1403
Let d(f) = -3*f**2 + 14549*f + 1530372. Determine d(-103).
-2
Let v(w) = 7*w**3 + 240*w**2 + 1691*w - 28. What is v(-10)?
62
Let u(n) = n**3 + 27*n**2 + 747*n + 17700. Calculate u(-25).
275
Let m(z) = -z**3 + z**2 + 9*z - 58. Determine m(5).
-113
Let j(m) = -25*m**2 + 2530*m + 4654. What is j(103)?
19
Let u(a) = -17*a**3 + 307*a**2 - 73*a + 1008. Determine u(18).
18
Let a(y) = -y**2 + 3622*y + 146478. Calculate a(-40).
-2
Let x(r) = 6*r**2 - 7823*r + 109658. Determine x(14).
1312
Let u(f) = 6207*f + 297997. Give u(-48).
61
Let c(o) = 54*o**2 - 32*o - 972. Calculate c(-4).
20
Let x(h) = h**3 - 16*h**2 - 54*h + 1420. Calculate x(16).
556
Let w(h) = 1304*h - 112159. Calculate w(86).
-15
Let l(f) = -8*f**2 - 578*f + 1479. Calculate l(-75).
-171
Let a(t) = 4837*t + 169309. Give a(-35).
14
Let o(g) = g**2 - 1238*g - 4978. Give o(-4).
-10
Let h(o) = 28*o**3 - 2836*o**2 + 804*o + 411. Calculate h(101).
7
Let d(t) = -37*t**2 - 965*t - 222. Determine d(-26).
-144
Let r(p) = p**2 - 42089*p - 3246800. What is r(-77)?
-18
Let c(s) = 22140*s + 88593. Give c(-4).
33
Let g(v) = 2*v**2 + 579*v - 35060. Give g(52).
456
Let a(q) = -63*q**3 + q**2 - 146*q - 285. Determine a(-2).
515
Let u(j) = 4*j**2 - 4596*j + 408186. What is u(1052)?
10
Let j(n) = n**2 + 46*n - 376. What is j(-54)?
56
Let x(n) = 2*n**3 - 139*n**2 + 45*n + 1621. Calculate x(69).
-35
Let f(a) = 279708*a + 1118754. What is f(-4)?
-78
Let t(v) = 378*v + 15855. Calculate t(-43).
-399
Let r(t) = -20309*t - 528071. What is r(-26)?
-37
Let f(h) = -9885*h - 315849. Give f(-32).
471
Let v(g) = 19267*g + 10789522. What is v(-560)?
2
Let c(k) = -61*k - 246. Give c(-9).
303
Let k(j) = 1080*j + 368284. What is k(-341)?
4
Let k(r) = -9994*r + 1988713. Determine k(199).
-93
Let x(f) = 11*f**2 - 514*f + 1052. What is x(44)?
-268
Let s(j) = 3411*j - 24003. Calculate s(7).
-126
Let d(o) = 559*o - 31149. What is d(55)?
-404
Let t(n) = -1788*n**2 - 28636*n - 453. Determine t(-16).
-5
Let j(f) = -f**2 + 178*f + 1808. Determine j(-10).
-72
Let t(x) = -x**3 + 12*x**2 - 8*x - 716. What is t(0)?
-716
Let d(i) = 69461*i + 2917363. Determine d(-42).
1
Let i(a) = 10*a**3 + 71*a**2 - 188*a - 1381. What is i(-7)?
-16
Let c(g) = -2*g**3 - 508*g**2 - 8767*g + 3093. What is c(-19)?
-4
Let r(m) = 28*m**2 - 1709*m - 19980. Determine r(71).
-171
Let p(h) = -47968*h + 1103269. Determine p(23).
5
Let w(d) = 14*d**2 - 22258*d + 283862. Calculate w(1577).
2
Let b(h) = 2137*h - 31242. Determine b(15).
813
Let j(q) = -13934*q + 1421035. What is j(102)?
-233
Let i(n) = -1140*n - 2361. Give i(-3).
1059
Let t(g) = -g**3 - 6*g**2 + 43*g + 306. Determine t(-9).
162
Let i(x) = x**3 + 58*x**2 - 1667*x + 109. Give i(21).
-59
Let l(n) = -2*n**3 + 36*n**2 - 1217*n + 20104. What is l(17)?
-7
Let i(a) = -106*a**2 - 1019*a - 3951. Determine i(-4).
-1571
Let k(j) = 393*j**2 - 316*j - 315. Determine k(-1).
394
Let c(i) = 2254*i + 42911. Calculate c(-19).
85
Let y(k) = 2*k**2 - 339*k + 8297. Determine y(140).
37
Let x(s) = -s**2 + 339*s + 38503. What is x(-90)?
-107
Let p(b) = -226153*b - 226152. Give p(-1).
1
Let f(u) = 53*u**2 - 15*u - 446. What is f(-3)?
76
Let d(t) = -2016*t**3 + 8069*t**2 - 4*t - 55. Determine d(4).
9
Let t(n) = -16870*n - 792919. What is t(-47)?
-29
Let q(k) = 1415168*k - 1415165. Calculate q(1).
3
Let y(w) = 23*w**2 - 543*w - 365. Determine y(24).
-149
Let w(c) = 2*c**3 + 410*c**2 + 4982*c - 92. What is w(-13)?
38
Let m(d) = 23423*d + 374762. What is m(-16)?
-6
Let r(t) = 88*t**2 + 1316*t - 15. Determine r(-15).
45
Let k(g) = g**2 + 147*g - 147054. What is k(-464)?
34
Let b(x) = -6*x**2 - 825*x - 10045. What is b(-124)?
-1
Let m(z) = z**3 + 10*z**2 + 95*z + 548. What is m(-8)?
-84
Let n(i) = 2*i**3 + 111*i**2 + 129*i - 1808. Calculate n(-54).
-26
Let s(h) = -3*h**3 + 3345*h**2 + 6613*h + 99427. Calculate s(1117).
14
Let d(u) = 2383*u + 147116. Calculate d(-62).
-630
Let h(t) = -13979*t - 768745. Give h(-55).
100
Let a(g) = 2563*g - 176841. Calculate a(69).
6
Let s(u) = 56259*u - 56260. What is s(1)?
-1
Let p(b) = 10*b**3 + 151*b**2 - 2821*b - 42540. What is p(-15)?
0
Let c(s) = -15852*s - 570711. Determine c(-36).
-39
Let u(d) = -904375*d - 6. What is u(0)?
-6
Let c(j) = j**3 + 119*j**2 - 3277*